en 69 is divided by 63?
6
What is the remainder when 56 is divided by 51?
5
Calculate the remainder when 168 is divided by 40.
8
Calculate the remainder when 2530 is divided by 65.
60
Calculate the remainder when 102 is divided by 77.
25
What is the remainder when 351 is divided by 11?
10
Calculate the remainder when 1177 is divided by 131.
129
Calculate the remainder when 1475 is divided by 53.
44
Calculate the remainder when 1630 is divided by 32.
30
Calculate the remainder when 67 is divided by 35.
32
Calculate the remainder when 124 is divided by 14.
12
Calculate the remainder when 1183 is divided by 15.
13
What is the remainder when 264 is divided by 21?
12
Calculate the remainder when 612 is divided by 44.
40
Calculate the remainder when 126 is divided by 52.
22
Calculate the remainder when 494 is divided by 62.
60
Calculate the remainder when 789 is divided by 11.
8
Calculate the remainder when 139 is divided by 20.
19
What is the remainder when 92 is divided by 32?
28
Calculate the remainder when 6484 is divided by 141.
139
Calculate the remainder when 1405 is divided by 22.
19
What is the remainder when 354 is divided by 36?
30
What is the remainder when 257 is divided by 124?
9
Calculate the remainder when 519 is divided by 138.
105
What is the remainder when 2727 is divided by 29?
1
What is the remainder when 4996 is divided by 19?
18
What is the remainder when 15886 is divided by 58?
52
Calculate the remainder when 430 is divided by 73.
65
Calculate the remainder when 254 is divided by 26.
20
Calculate the remainder when 26 is divided by 8.
2
What is the remainder when 42 is divided by 16?
10
Calculate the remainder when 3381 is divided by 89.
88
Calculate the remainder when 251 is divided by 55.
31
Calculate the remainder when 92732 is divided by 233.
231
What is the remainder when 72 is divided by 2?
0
What is the remainder when 427 is divided by 128?
43
Calculate the remainder when 9650 is divided by 197.
194
Calculate the remainder when 827 is divided by 46.
45
What is the remainder when 493 is divided by 16?
13
What is the remainder when 560 is divided by 84?
56
Calculate the remainder when 1613 is divided by 49.
45
What is the remainder when 176 is divided by 101?
75
Calculate the remainder when 217 is divided by 66.
19
Calculate the remainder when 115 is divided by 29.
28
What is the remainder when 1103 is divided by 235?
163
Calculate the remainder when 153 is divided by 21.
6
What is the remainder when 248 is divided by 42?
38
What is the remainder when 204 is divided by 180?
24
Calculate the remainder when 1267 is divided by 71.
60
Calculate the remainder when 12304 is divided by 14.
12
Calculate the remainder when 240 is divided by 111.
18
What is the remainder when 373 is divided by 18?
13
What is the remainder when 5266 is divided by 17?
13
Calculate the remainder when 189 is divided by 37.
4
Calculate the remainder when 1528 is divided by 21.
16
Calculate the remainder when 183 is divided by 21.
15
What is the remainder when 49 is divided by 30?
19
What is the remainder when 178 is divided by 27?
16
Calculate the remainder when 327 is divided by 24.
15
Calculate the remainder when 11286 is divided by 71.
68
Calculate the remainder when 49 is divided by 21.
7
Calculate the remainder when 88 is divided by 35.
18
What is the remainder when 4443 is divided by 117?
114
What is the remainder when 12494 is divided by 5?
4
What is the remainder when 239 is divided by 123?
116
What is the remainder when 20780 is divided by 24?
20
What is the remainder when 236 is divided by 80?
76
Calculate the remainder when 73 is divided by 13.
8
Calculate the remainder when 947 is divided by 31.
17
What is the remainder when 498 is divided by 108?
66
What is the remainder when 3693 is divided by 3?
0
Calculate the remainder when 65 is divided by 7.
2
What is the remainder when 589 is divided by 90?
49
Calculate the remainder when 176 is divided by 20.
16
What is the remainder when 525 is divided by 17?
15
What is the remainder when 239 is divided by 21?
8
Calculate the remainder when 2171 is divided by 720.
11
What is the remainder when 426 is divided by 153?
120
Calculate the remainder when 174 is divided by 156.
18
What is the remainder when 647 is divided by 73?
63
Calculate the remainder when 30750 is divided by 23.
22
What is the remainder when 322 is divided by 54?
52
What is the remainder when 334 is divided by 28?
26
Calculate the remainder when 1320 is divided by 26.
20
Calculate the remainder when 107 is divided by 14.
9
What is the remainder when 2353 is divided by 1169?
15
What is the remainder when 1056 is divided by 213?
204
Calculate the remainder when 2222 is divided by 21.
17
What is the remainder when 3822 is divided by 49?
0
Calculate the remainder when 521 is divided by 260.
1
What is the remainder when 343 is divided by 4?
3
What is the remainder when 699 is divided by 364?
335
What is the remainder when 49 is divided by 4?
1
Calculate the remainder when 194 is divided by 97.
0
What is the remainder when 4244 is divided by 2120?
4
Calculate the remainder when 3830 is divided by 59.
54
Calculate the remainder when 1406 is divided by 88.
86
Calculate the remainder when 175 is divided by 65.
45
What is the remainder when 513 is divided by 161?
30
What is the remainder when 6901 is divided by 9?
7
Calculate the remainder when 76 is divided by 42.
34
What is the remainder when 3183 is divided by 118?
115
Calculate the remainder when 88 is divided by 62.
26
What is the remainder when 628 is divided by 30?
28
Calculate the remainder when 52 is divided by 32.
20
What is the remainder when 151 is divided by 80?
71
What is the remainder when 412 is divided by 87?
64
Calculate the remainder when 24749 is divided by 9.
8
Calculate the remainder when 36060 is divided by 16.
12
Calculate the remainder when 64 is divided by 34.
30
Calculate the remainder when 6296 is divided by 90.
86
What is the remainder when 1496 is divided by 19?
14
Calculate the remainder when 106 is divided by 16.
10
What is the remainder when 21 is divided by 15?
6
What is the remainder when 133 is divided by 89?
44
What is the remainder when 143 is divided by 64?
15
Calculate the remainder when 460 is divided by 102.
52
Calculate the remainder when 384 is divided by 123.
15
What is the remainder when 541 is divided by 17?
14
What is the remainder when 48 is divided by 25?
23
Calculate the remainder when 785 is divided by 737.
48
What is the remainder when 67 is divided by 28?
11
What is the remainder when 3813 is divided by 6?
3
What is the remainder when 329 is divided by 4?
1
Calculate the remainder when 117 is divided by 35.
12
Calculate the remainder when 411 is divided by 32.
27
Calculate the remainder when 788 is divided by 392.
4
What is the remainder when 1214 is divided by 76?
74
What is the remainder when 210 is divided by 43?
38
What is the remainder when 132 is divided by 33?
0
What is the remainder when 87 is divided by 10?
7
Calculate the remainder when 408 is divided by 131.
15
Calculate the remainder when 372 is divided by 100.
72
What is the remainder when 211 is divided by 32?
19
What is the remainder when 185 is divided by 29?
11
What is the remainder when 362 is divided by 16?
10
Calculate the remainder when 18 is divided by 7.
4
What is the remainder when 8 is divided by 5?
3
What is the remainder when 652 is divided by 113?
87
What is the remainder when 308 is divided by 106?
96
Calculate the remainder when 2362 is divided by 32.
26
Calculate the remainder when 174 is divided by 25.
24
Calculate the remainder when 548 is divided by 9.
8
What is the remainder when 2188 is divided by 30?
28
What is the remainder when 203 is divided by 30?
23
What is the remainder when 37 is divided by 12?
1
What is the remainder when 541 is divided by 42?
37
Calculate the remainder when 5774 is divided by 48.
14
Calculate the remainder when 5194 is divided by 345.
19
What is the remainder when 275 is divided by 28?
23
Calculate the remainder when 56 is divided by 7.
0
What is the remainder when 2355 is divided by 124?
123
What is the remainder when 564 is divided by 298?
266
Calculate the remainder when 452 is divided by 424.
28
What is the remainder w